09988?
8
What is the hundred thousands digit of 67472881?
4
What is the tens digit of 1118792190?
9
What is the hundred millions digit of 135287743?
1
What is the hundred millions digit of 179014717?
1
What is the millions digit of 3464170446?
4
What is the millions digit of 423778858?
3
What is the ten millions digit of 114533248?
1
What is the tens digit of 50324826?
2
What is the hundred thousands digit of 1085549150?
5
What is the tens digit of 48020325?
2
What is the ten millions digit of 36760332?
3
What is the thousands digit of 173906740?
6
What is the ten millions digit of 564628027?
6
What is the millions digit of 79906941?
9
What is the ten thousands digit of 738033924?
3
What is the ten thousands digit of 544404846?
0
What is the millions digit of 126728274?
6
What is the millions digit of 1594756573?
4
What is the ten millions digit of 36317433?
3
What is the tens digit of 611602077?
7
What is the units digit of 31199433?
3
What is the hundred millions digit of 697419876?
6
What is the ten millions digit of 2379011780?
7
What is the ten millions digit of 466219713?
6
What is the hundred thousands digit of 131822348?
8
What is the tens digit of 474774210?
1
What is the hundreds digit of 634010278?
2
What is the hundreds digit of 54246350?
3
What is the tens digit of 1650642415?
1
What is the hundred thousands digit of 94209972?
2
What is the ten millions digit of 39583445?
3
What is the hundred millions digit of 3128618696?
1
What is the hundreds digit of 505651534?
5
What is the hundreds digit of 336774216?
2
What is the units digit of 973138553?
3
What is the hundreds digit of 40749?
7
What is the billions digit of 2102251379?
2
What is the millions digit of 525560921?
5
What is the thousands digit of 18489145?
9
What is the hundred thousands digit of 84313600?
3
What is the ten thousands digit of 1931813915?
1
What is the units digit of 39868850?
0
What is the hundred thousands digit of 159650515?
6
What is the hundred millions digit of 211899010?
2
What is the hundred millions digit of 829507470?
8
What is the units digit of 1058251005?
5
What is the tens digit of 28257861?
6
What is the millions digit of 242154248?
2
What is the thousands digit of 71065848?
5
What is the millions digit of 1092678883?
2
What is the thousands digit of 142722513?
2
What is the units digit of 458851232?
2
What is the hundreds digit of 351358537?
5
What is the hundreds digit of 15419492?
4
What is the ten thousands digit of 492657324?
5
What is the ten millions digit of 1063848570?
6
What is the hundred thousands digit of 311169283?
1
What is the tens digit of 5576985170?
7
What is the hundred thousands digit of 1573865781?
8
What is the hundred thousands digit of 285373747?
3
What is the ten thousands digit of 59911925?
1
What is the tens digit of 1289437?
3
What is the tens digit of 3338785190?
9
What is the tens digit of 1358479523?
2
What is the hundred thousands digit of 3166432089?
4
What is the thousands digit of 606145288?
5
What is the units digit of 40199892?
2
What is the hundred millions digit of 5909106906?
9
What is the hundreds digit of 7318980?
9
What is the units digit of 83868547?
7
What is the millions digit of 12093085?
2
What is the ten thousands digit of 13665172?
6
What is the hundred thousands digit of 117085461?
0
What is the ten millions digit of 189619607?
8
What is the hundred millions digit of 818545291?
8
What is the tens digit of 864956618?
1
What is the hundred thousands digit of 35515892?
5
What is the ten millions digit of 947718757?
4
What is the billions digit of 1141118683?
1
What is the hundred thousands digit of 141729928?
7
What is the units digit of 59805254?
4
What is the units digit of 49412764?
4
What is the hundred thousands digit of 38727691?
7
What is the hundreds digit of 4169759677?
6
What is the thousands digit of 174987594?
7
What is the tens digit of 12967677?
7
What is the tens digit of 5851407?
0
What is the ten thousands digit of 24750307?
5
What is the billions digit of 2079531900?
2
What is the units digit of 497151499?
9
What is the tens digit of 4969815?
1
What is the tens digit of 110694997?
9
What is the tens digit of 58582048?
4
What is the ten thousands digit of 1082603625?
0
What is the ten thousands digit of 71556301?
5
What is the billions digit of 1469518592?
1
What is the hundreds digit of 1185570887?
8
What is the tens digit of 49413158?
5
What is the ten millions digit of 150288801?
5
What is the ten thousands digit of 419668333?
6
What is the ten thousands digit of 784779179?
7
What is the hundred thousands digit of 14217080?
2
What is the ten thousands digit of 1065246414?
4
What is the units digit of 124667582?
2
What is the units digit of 378992059?
9
What is the hundreds digit of 5136985686?
6
What is the hundred thousands digit of 579408?
5
What is the units digit of 427548844?
4
What is the thousands digit of 236153921?
3
What is the ten thousands digit of 6067028?
6
What is the hundred thousands digit of 2736413919?
4
What is the ten millions digit of 14221367?
1
What is the hundreds digit of 82818235?
2
What is the hundred thousands digit of 1696144256?
1
What is the millions digit of 864661588?
4
What is the thousands digit of 2184161684?
1
What is the ten thousands digit of 5354139284?
3
What is the tens digit of 122040160?
6
What is the millions digit of 66079656?
6
What is the ten thousands digit of 56786743?
8
What is the billions digit of 1794413292?
1
What is the billions digit of 1367467270?
1
What is the millions digit of 2489551239?
9
What is the tens digit of 215765210?
1
What is the billions digit of 3793286376?
3
What is the units digit of 807213035?
5
What is the millions digit of 187915297?
7
What is the tens digit of 54707980?
8
What is the thousands digit of 589708814?
8
What is the hundred millions digit of 455329798?
4
What is the millions digit of 481296189?
1
What is the tens digit of 2363899846?
4
What is the ten thousands digit of 104618440?
1
What is the units digit of 1675365025?
5
What is the hundred thousands digit of 101564132?
5
What is the thousands digit of 5519689?
9
What is the millions digit of 1797730919?
7
What is the ten thousands digit of 27818801?
1
What is the hundreds digit of 246294671?
6
What is the hundred millions digit of 413287471?
4
What is the hundred millions digit of 121599531?
1
What is the hundred thousands digit of 610415290?
4
What is the ten millions digit of 1961271798?
6
What is the hundred thousands digit of 37963863?
9
What is the thousands digit of 2840309975?
9
What is the ten millions digit of 88482843?
8
What is the ten thousands digit of 63701629?
0
What is the ten thousands digit of 84147804?
4
What is the thousands digit of 166741433?
1
What is the millions digit of 47627793?
7
What is the hundreds digit of 2463696899?
8
What is the hundred millions digit of 1568319820?
5
What is the ten millions digit of 14681599?
1
What is the hundred thousands digit of 46478984?
4
What is the hundred thousands digit of 889003081?
0
What is the ten thousands digit of 3719177384?
7
What is the hundreds digit of 355088490?
4
What is the tens digit of 344392032?
3
What is the millions digit of 21716029?
1
What is the hundred millions digit of 415179515?
4
What is the units digit of 53385653?
3
What is the ten thousands digit of 96631408?
3
What is the billions digit of 6451753636?
6
What is the hundred thousands digit of 151964636?
9
What is the ten millions digit of 48703937?
4
What is the thousands digit of 41736387?
6
What is the units digit of 22610360?
0
What is the tens digit of 323901310?
1
What is the hundred thousands digit of 21248607?
2
What is the billions digit of 1857014994?
1
What is the millions digit of 80976120?
0
What is the hundred millions digit of 135657314?
1
What is the hundred thousands digit of 114759921?
7
What is the ten millions digit of 47805853?
4
What is the hundreds digit of 1414386500?
5
What is the hundred thousands digit of 393768336?
7
What is the ten millions digit of 224910924?
2
What is the thousands digit of 646235290?
5
What is the tens digit of 5121634126?
2
What is the ten millions digit of 16612955?
1
What is the hundreds digit of 20615688?
6
What is the hundred thousands d